 3. Let a(o) = -2*o**g + 3 + o**3 + 2*o**3 + 2*o**2 + 2*o. What is a(-2)?
-1
Let q(i) = 14 + 20 - 2*i + 16 - 45. Calculate q(6).
-7
Let o(n) = 5*n**3 + 4*n**2 - 8. Let p(d) = d**3 - 1. Let q(i) = -o(i) + 6*p(i). Determine q(4).
2
Let w(s) = s + 2. Let g(c) = 3*c**3 + 9*c**2 + 10*c - 6. Let t(p) = 7*p**3 + 18*p**2 + 21*p - 12. Let h(o) = -5*g(o) + 2*t(o). Let l be h(-8). Determine w(l).
8
Suppose 5*i - 3*i - 14 = 0. Let f(w) be the third derivative of -w**4/24 + w**3/3 + w**2. Let q be f(i). Let y(v) = 2*v + 5. What is y(q)?
-5
Let v be (-1205)/(-600) + (-2)/1. Let j(o) be the third derivative of -1/6*o**3 - 1/24*o**4 - o**2 + 0*o - v*o**6 - 1/30*o**5 + 0. Determine j(-1).
-1
Suppose -10 + 3 = -i. Suppose -12 = 4*s, 3*s = -h - 1 - i. Let v(o) = -1 + 1 + h + 9*o. Determine v(-1).
-8
Let o(i) = -2*i - 5. Let y be -2 + (-3 + 3 - 3). Let g be o(y). Let b(c) = c**2 - 4*c - 1. What is b(g)?
4
Suppose -4 = -3*r - 16. Let m(y) = -y**2 - 6*y + 1. Suppose -3*p = -5*o + 14, -2*o - 13 = -6*o + 3*p. Let j(x) = 1. Let t(z) = o*m(z) - 2*j(z). Calculate t(r).
7
Let y(m) = 3*m - 1. Let h be y(2). Let k be 5 + h/(15/(-6)). Let b(l) = -2 - l + 4 - k. Determine b(-2).
1
Let q(k) be the second derivative of k**5/120 + k**4/8 - k**3/2 + k. Let g(w) be the second derivative of q(w). Determine g(4).
7
Let w = 26/3 + -17/2. Let v(c) be the third derivative of -w*c**3 + 0*c - 1/24*c**4 - 2*c**2 + 0. What is v(1)?
-2
Let d(y) = y - 9. Let g be d(10). Let h(o) = -g - 6*o**2 - 4*o**2 - 3*o + 9*o**2. What is h(-3)?
-1
Let v(k) = k**3 - 10*k**2 + 9*k. Let w be v(9). Let g(x) = 5 - 3 - x - 3 + w*x. Let o(h) = h**2 - 8*h - 14. Let i be o(10). Determine g(i).
-7
Let j = -11 - -24. Let q = 2 - -3. Suppose q*w = j + 12. Let x(i) = 2*i - 6. Give x(w).
4
Let d(n) = 7*n**3 + 1 + 0 - 3*n**3. Suppose 5*r - 32 = -7. Suppose -r*f - 3*m = -2 + 1, 3*f + 5 = m. Determine d(f).
-3
Let z be 1/4 - 1/4. Suppose z*v + 15 = -3*v. Let x(n) = 6*n - n - n**2 + 2 + 2*n**2. Give x(v).
2
Let z be (-1)/(-1) - (1 - 2). Let g be -1*(z + -7*1). Let n(q) = -q**2 + 5*q + 4. Let r be n(g). Let p(i) = i + 3. What is p(r)?
7
Let b(z) be the first derivative of z**3/3 - 2*z**2 + 6*z + 3. Let a(r) = 2*r**2 - 5*r + 7. Let x(p) = -4*a(p) + 5*b(p). What is x(-2)?
-10
Let y(a) = -3*a**2 - 5*a - 5. Let c(j) = j + 1. Let l(p) = 4*c(p) + y(p). Let t(o) be the first derivative of l(o). Determine t(-1).
5
Let g(n) be the third derivative of -n**6/180 + n**5/24 + n**4/4 + 5*n**2. Let q(o) be the second derivative of g(o). Calculate q(5).
-15
Let l(k) = k**2 - 3*k - 1. Let j(d) = d. Let r be j(5). Let v(g) = 0 + 6*g - 5*g**2 - 2 + 4*g**2. Let q be v(r). Determine l(q).
-1
Let z(v) be the first derivative of -v**2 + 2*v + 3. Calculate z(2).
-2
Let v(x) = -3*x - 1. Let z = -13 - -11. Give v(z).
5
Let c(w) be the second derivative of -5/6*w**3 - 2*w + 0 + 1/4*w**4 + 1/20*w**5 + w**2. Suppose 4*z = -2*a - 24, 5*a + z + 23 = -1. Determine c(a).
6
Let v(b) = -2*b - 2. Let o be v(-2). Let p(t) = o*t - 21 - t + 9. Let l(q) = -1. Let h(a) = 6*l(a) - p(a). Determine h(3).
3
Let k(t) be the first derivative of -t**2 + 3*t + 34. Suppose -5*o = 5*w + 50, 13 = w - 5*o - 7. Calculate k(w).
13
Let v(a) = -5*a**2 + a - 1. Let c be 18 + 3 + -4 + 2. Suppose -5*m = 5*n + 20, 4*n + 2*m - c = 5*m. Suppose -k + 2 = n. What is v(k)?
-5
Let d(h) be the second derivative of h**2 + 1/12*h**4 + 0 - 7*h - 5/6*h**3. Calculate d(5).
2
Let f(t) = -t**3 - 2*t**2 + 4*t. Suppose s = -3, 3*s = -3*g - 20 - 1. Calculate f(g).
16
Let w(t) = -t**2 - 3*t + 7. Suppose -3*x - 7 = 8. Calculate w(x).
-3
Let v(h) be the second derivative of -2*h - 2*h**2 + 1/3*h**3 + 1/12*h**4 + 0. Suppose -b = -0*b + 3. What is v(b)?
-1
Let m(l) be the third derivative of l**6/60 - l**5/60 - l**4/12 - l**3/6 + l**2. Let r be (-2)/2 + 2 + -2. What is m(r)?
-2
Let h = 8 - 13. Let z(k) = 12*k**2 - 4*k - 1. Let i(p) = 25*p**2 - 9*p - 3. Let j(x) = h*z(x) + 2*i(x). Suppose 0 = -2*b + 3*t + 2, -2*t = 0. Calculate j(b).
-9
Let i be ((-12)/(-2))/(4 + -2). Let d = -6 + i. Let w(o) be the third derivative of -o**5/60 - o**4/24 - o**3/6 + 2*o**2. Determine w(d).
-7
Suppose 2 = -5*k + 7, 2*i + 5 = -5*k. Let l = -3 - i. Let g(o) = 2 + o + l*o - 4*o. Calculate g(-3).
5
Let s(p) be the third derivative of p**6/120 - p**5/60 + p**4/24 + 2*p**3/3 + 7*p**2. Let t(i) = -i - 4. Let w be t(-6). Let y = w + -2. Give s(y).
4
Let k be -6*2/(-8)*4. Let f(q) = 3*q - 7. Give f(k).
11
Let h(s) = -12*s - 3*s**2 + 13*s + 4*s**2. Let v be h(1). Let x(r) = -r**3 + r**2 - r. What is x(v)?
-6
Let p(o) be the third derivative of o**5/60 + o**4/4 + 5*o**3/6 - 28*o**2. Give p(-5).
0
Let m = 17 + -13. Let s(r) = r + m + 0 + 2 + 2. Give s(-6).
2
Let n be (-1 + 3)*(-10)/(-5). Let m(a) = 3*a**3 - 8*a**2 + 22*a - 11. Let y(d) = d**3 - 3*d**2 + 7*d - 4. Let v(l) = 2*m(l) - 7*y(l). Calculate v(n).
2
Let n(l) = l - 2. Let g be n(6). Let y(t) = -t**3 - 3*t + g - 4*t**2 + 10*t - t. Calculate y(-5).
-1
Let f = -1 - -5. Let x = -2 + f. Let r(z) = z - 4 - x + 2. Determine r(5).
1
Let t(b) = -4*b**2 + b. Let f = 5 + -6. Calculate t(f).
-5
Let a(n) = n**3 - n**2 + n + 9. Let f = 0 + -100. Let t be 4/18 + f/(-36). Let g be (1 - 0/t) + -1. What is a(g)?
9
Let o(n) = -n**3 - 3*n**2 + 5*n + 2. Let r(d) = d**2 - 8*d + 11. Let l be r(5). Give o(l).
-2
Let c(z) = 3*z**3 - 1 + z**2 - z**3 - 3*z**3. Let w(k) = 6*k - 2. Let m be w(1). Suppose m*i + i = -10. Determine c(i).
11
Let u(o) = o**2 + 3*o + 4. Let g = -10 + 7. What is u(g)?
4
Let g(y) be the second derivative of y**5/20 + y**4/6 - y**3/3 + y**2/2 - 5*y. Give g(-3).
-2
Let b(i) = -i**3 + i**2 - i. Let n(j) = -2*j**3 + 6*j**2 - 6*j + 3. Let z(m) = -3*b(m) + n(m). Let y = -3 + -1. Calculate z(y).
-1
Let x(l) = -l**2 - 5*l - 7. Let b(q) = 2*q**2 + 9*q + 15. Suppose -4*n + 8 = -3*r, 3*n - 2*n + r = 2. Let v(o) = n*b(o) + 5*x(o). Determine v(-5).
5
Suppose -4*f - f + d + 26 = 0, 2*f - 3*d = 13. Let n(x) = 2*x**2 - 5*x - 7. What is n(f)?
18
Let z(l) = -l + 8. Suppose -5*w - 6 = -3*u, -4*u + 2*u = -4. Give z(w).
8
Let n(u) = u**2 + 5*u + 6. Let z be 4/14 + 10/(-35). Let t = z - -1. Let h be t/2 - (-27)/(-6). Calculate n(h).
2
Let j(b) = -3*b**2 - 14*b - 5. Let i(t) = -2*t**2 - 7*t - 2. Let m(u) = 5*i(u) - 3*j(u). What is m(8)?
-3
Let u(q) = -5*q**2 + 4 + 2*q**3 + 2*q + 0*q - 2*q**3 - q**3. Let b be (10/6)/((-1)/3). Determine u(b).
-6
Let w(t) = -6*t**2 - 5*t - 9. Let f(m) = -5*m**2 - 4*m - 8. Let i(u) = 5*f(u) - 4*w(u). Calculate i(0).
-4
Let r be 6/2 + 0/(-3). Let w(t) = 2 + 2*t**2 + 2*t**r - 3 - t**2. Suppose k + 4 - 3 = 0. Determine w(k).
-2
Suppose -5*h + 3*k = 10, 2*k + 0 = -4*h - 8. Let o(f) = 3*f**2 - 6*f - 13. Let w(q) = q**2 - 3*q - 6. Let d(a) = h*o(a) + 5*w(a). What is d(-3)?
-4
Let k(x) = -1 - 2*x + 3*x - 3*x + 3*x. What is k(7)?
6
Let a(b) = -b**3 + 5*b**2 - 4*b - 5. Let m(n) = n**3 - 10*n**2 + 9*n. Let d be m(9). Suppose 0*c = 3*c - 15, d = p + 3*c - 19. Calculate a(p).
-5
Let l(p) = p**2 + 3*p. Let h(q) = 2*q**3 - 13*q**2 + q - 3. Let f(n) = n**3 - 6*n**2 + n - 2. Let d(t) = 5*f(t) - 2*h(t). Let v be d(3). Determine l(v).
4
Let q(t) = 2*t + 7. Let b be (-1*(0 - 0))/(-2). Suppose b = -i - 0*i. Suppose i = -c - c - 10. What is q(c)?
-3
Let n(c) = 7*c - 28. Let z be n(5). Let t(j) = -j + 10. Calculate t(z).
3
Suppose 21 = -2*k - 3*u, -3*k - 3*u - 33 = 2*u. Let i(n) = n**3 + 6*n**2 - n - 1. Give i(k).
5
Let p(c) be the second derivative of 1/2*c**3 - 2*c + 0 - 5/12*c**4 - 3*c**2 + 1/20*c**5. Calculate p(5).
9
Let y(h) = h**2 - 6*h - 2. Let k(g) = 3*g**2 - 13*g - 3. Let w(x) = -2*k(x) + 5*y(x). Let m be (-6)/(-8)*(7 + 1). Let c = m + -11. Calculate w(c).
-9
Let h(p) be the second derivative of -p**5/20 - p**4/3 - p**3/3 + 2*p**2 + 28*p. Calculate h(-3).
1
Let x(b) = -b + 1. Let s = 6 - 4. Let l(z) = 3*z**2 - z. Let m be l(1). Suppose -8 = m*f + 5*q, s*f + 3*q = 7*f + 20. What is x(f)?
5
Let p(u) = -7*u - 2. Let x(d) = -13*d - 4. Let z(s) = 11*p(s) - 6*x(s). Suppose 0*a - a = -5. Calculate z(a).
7
Let p(t) be the first derivative of t**5/120 - 5*t**4/24 + t**3 - 3. Let z(q) be the third derivative of p(q). Let f = -24 + 19. Calculate z(f).
-10
Let s(a) = 2*a**2 - a - 1. Suppose -4*t - 5*p - 20 = 0, -2*t + t + 16 = -4*p. Suppose -2*l = -t + 2. Determine s(l).
2
Suppose 14 = 3*u + 